 divided by 6.
1
Calculate the remainder when 39 is divided by 33.
6
Calculate the remainder when 1200 is divided by 28.
24
Calculate the remainder when 206 is divided by 71.
64
Calculate the remainder when 134 is divided by 71.
63
What is the remainder when 1921 is divided by 102?
85
Calculate the remainder when 385 is divided by 42.
7
Calculate the remainder when 230 is divided by 4.
2
Calculate the remainder when 18 is divided by 10.
8
Calculate the remainder when 4002 is divided by 22.
20
What is the remainder when 19 is divided by 10?
9
Calculate the remainder when 78 is divided by 20.
18
Calculate the remainder when 64 is divided by 15.
4
Calculate the remainder when 352 is divided by 17.
12
Calculate the remainder when 1494 is divided by 6.
0
What is the remainder when 17447 is divided by 50?
47
What is the remainder when 79 is divided by 19?
3
Calculate the remainder when 560 is divided by 88.
32
Calculate the remainder when 515 is divided by 43.
42
Calculate the remainder when 294 is divided by 77.
63
Calculate the remainder when 1364 is divided by 72.
68
Calculate the remainder when 117 is divided by 15.
12
What is the remainder when 1361 is divided by 62?
59
Calculate the remainder when 214 is divided by 84.
46
Calculate the remainder when 1152 is divided by 96.
0
Calculate the remainder when 1153 is divided by 34.
31
What is the remainder when 59 is divided by 21?
17
Calculate the remainder when 642 is divided by 63.
12
What is the remainder when 175 is divided by 23?
14
Calculate the remainder when 47 is divided by 17.
13
What is the remainder when 370 is divided by 95?
85
Calculate the remainder when 73 is divided by 28.
17
What is the remainder when 325 is divided by 317?
8
Calculate the remainder when 3683 is divided by 117.
56
Calculate the remainder when 139 is divided by 72.
67
Calculate the remainder when 2174 is divided by 243.
230
Calculate the remainder when 60 is divided by 22.
16
Calculate the remainder when 1355 is divided by 39.
29
What is the remainder when 57 is divided by 16?
9
What is the remainder when 166 is divided by 10?
6
Calculate the remainder when 931 is divided by 238.
217
Calculate the remainder when 89 is divided by 30.
29
What is the remainder when 26 is divided by 8?
2
What is the remainder when 31 is divided by 6?
1
What is the remainder when 88 is divided by 13?
10
Calculate the remainder when 68 is divided by 47.
21
What is the remainder when 62 is divided by 24?
14
What is the remainder when 5386 is divided by 65?
56
What is the remainder when 56 is divided by 29?
27
What is the remainder when 803 is divided by 101?
96
Calculate the remainder when 72 is divided by 35.
2
Calculate the remainder when 89 is divided by 17.
4
Calculate the remainder when 231 is divided by 8.
7
Calculate the remainder when 2203 is divided by 62.
33
Calculate the remainder when 417 is divided by 38.
37
Calculate the remainder when 3229 is divided by 458.
23
What is the remainder when 3162 is divided by 525?
12
What is the remainder when 3641 is divided by 24?
17
What is the remainder when 39 is divided by 10?
9
What is the remainder when 240 is divided by 79?
3
What is the remainder when 150 is divided by 14?
10
What is the remainder when 871 is divided by 38?
35
What is the remainder when 383 is divided by 114?
41
What is the remainder when 148 is divided by 31?
24
What is the remainder when 434 is divided by 88?
82
Calculate the remainder when 2135 is divided by 134.
125
What is the remainder when 279 is divided by 16?
7
Calculate the remainder when 292 is divided by 98.
96
What is the remainder when 297 is divided by 23?
21
What is the remainder when 367 is divided by 168?
31
What is the remainder when 149 is divided by 28?
9
Calculate the remainder when 198 is divided by 70.
58
What is the remainder when 577 is divided by 86?
61
Calculate the remainder when 2606 is divided by 33.
32
Calculate the remainder when 337 is divided by 106.
19
Calculate the remainder when 1149 is divided by 176.
93
Calculate the remainder when 2203 is divided by 1098.
7
What is the remainder when 344 is divided by 69?
68
Calculate the remainder when 1534 is divided by 50.
34
What is the remainder when 291 is divided by 230?
61
Calculate the remainder when 298 is divided by 12.
10
Calculate the remainder when 50 is divided by 32.
18
Calculate the remainder when 15140 is divided by 3.
2
What is the remainder when 334 is divided by 10?
4
Calculate the remainder when 209 is divided by 30.
29
Calculate the remainder when 45 is divided by 32.
13
Calculate the remainder when 1723 is divided by 4.
3
What is the remainder when 1427 is divided by 37?
21
Calculate the remainder when 253 is divided by 100.
53
What is the remainder when 197 is divided by 100?
97
Calculate the remainder when 3296 is divided by 4.
0
Calculate the remainder when 1648 is divided by 28.
24
What is the remainder when 1572 is divided by 54?
6
What is the remainder when 92 is divided by 54?
38
What is the remainder when 12177 is divided by 21?
18
What is the remainder when 276 is divided by 14?
10
Calculate the remainder when 105 is divided by 80.
25
Calculate the remainder when 23 is divided by 5.
3
Calculate the remainder when 574 is divided by 142.
6
What is the remainder when 1596 is divided by 59?
3
What is the remainder when 211 is divided by 110?
101
What is the remainder when 354 is divided by 68?
14
What is the remainder when 287 is divided by 24?
23
Calculate the remainder when 343 is divided by 29.
24
Calculate the remainder when 16098 is divided by 20.
18
Calculate the remainder when 106 is divided by 53.
0
What is the remainder when 45 is divided by 18?
9
What is the remainder when 117 is divided by 32?
21
What is the remainder when 249 is divided by 38?
21
What is the remainder when 372 is divided by 120?
12
Calculate the remainder when 2878 is divided by 90.
88
What is the remainder when 456 is divided by 21?
15
Calculate the remainder when 794 is divided by 133.
129
What is the remainder when 2754 is divided by 53?
51
Calculate the remainder when 13055 is divided by 8.
7
Calculate the remainder when 295 is divided by 99.
97
What is the remainder when 2166 is divided by 11?
10
Calculate the remainder when 67 is divided by 14.
11
Calculate the remainder when 942 is divided by 23.
22
What is the remainder when 683 is divided by 147?
95
Calculate the remainder when 76 is divided by 21.
13
What is the remainder when 2470 is divided by 172?
62
Calculate the remainder when 515 is divided by 43.
42
Calculate the remainder when 2665 is divided by 30.
25
What is the remainder when 2078 is divided by 18?
8
Calculate the remainder when 228 is divided by 134.
94
Calculate the remainder when 201 is divided by 71.
59
Calculate the remainder when 1176 is divided by 31.
29
What is the remainder when 36 is divided by 16?
4
What is the remainder when 284 is divided by 19?
18
What is the remainder when 135 is divided by 134?
1
What is the remainder when 183 is divided by 38?
31
Calculate the remainder when 1529 is divided by 7.
3
What is the remainder when 166 is divided by 50?
16
What is the remainder when 231 is divided by 78?
75
Calculate the remainder when 4119 is divided by 187.
5
Calculate the remainder when 634 is divided by 195.
49
Calculate the remainder when 142 is divided by 36.
34
What is the remainder when 306 is divided by 104?
98
Calculate the remainder when 1348 is divided by 54.
52
What is the remainder when 3370 is divided by 665?
45
Calculate the remainder when 165 is divided by 43.
36
Calculate the remainder when 6496 is divided by 52.
48
Calculate the remainder when 524 is divided by 44.
40
Calculate the remainder when 499 is divided by 175.
149
What is the remainder when 118 is divided by 5?
3
Calculate the remainder when 43 is divided by 17.
9
What is the remainder when 554 is divided by 18?
14
What is the remainder when 1157 is divided by 19?
17
What is the remainder when 1749 is divided by 87?
9
Calculate the remainder when 216 is divided by 54.
0
Calculate the remainder when 467 is divided by 78.
77
Calculate the remainder when 183 is divided by 28.
15
Calculate the remainder when 3287 is divided by 143.
141
What is the remainder when 132 is divided 